t the prime factors of q.
2, 29
Suppose -6*g + 4*g - 136 = 0. List the prime factors of (-3621)/g - (-2)/(-8).
53
List the prime factors of 90/9 + 3336 - (-1 - -4).
3343
Let y be (-20)/(-12) + 2/6. Let k(x) = 34*x - 7. What are the prime factors of k(y)?
61
Let k(f) = f**3 + 11*f**2 - f - 7. Let a be k(-11). Let r(n) = -n**3 + 4*n**2 + n. Let v be r(a). Suppose v*m - 3*m - 37 = 0. List the prime factors of m.
37
Let g be (-16 - -15) + (-71 - -1). Let m = g + 78. What are the prime factors of m?
7
Suppose 2428 = 14*p - 10564. What are the prime factors of p?
2, 29
Let d = 832 - 450. List the prime factors of d.
2, 191
Suppose 888 = 11*x - 1301. Suppose 679 = 5*a + x. What are the prime factors of a?
2, 3
Suppose -3*k = -7*k - 3*x + 328, -243 = -3*k - 3*x. List the prime factors of k.
5, 17
Let z = -17 + 31. Let k = z - 16. List the prime factors of ((-2)/1)/k + 8.
3
Let k = 675 + -225. What are the prime factors of k?
2, 3, 5
Suppose -2*r = 5*s + 4 + 2, 2*r - 4*s = 12. Suppose 2*m - u + 359 = 2*u, 5*u = r*m + 353. List the prime factors of m/(-5) + (-10)/(-50).
37
Suppose -2*n = -8 - 12. Suppose 6*v - n*v + 360 = 0. What are the prime factors of v?
2, 3, 5
Let c = 18 - 53. Let l = 142 + c. List the prime factors of l.
107
Let b(f) = 6*f + 5. Let i be 0 + 0/(2 + 2). Suppose 5*w - 21 = -5*r + 24, 4*r - 16 = i. What are the prime factors of b(w)?
5, 7
Suppose -2*s + 15 = m + 3*s, -2*s + 10 = 0. Let c be (-21)/(-42) - 53/(-2). Let y = m + c. What are the prime factors of y?
17
Let p be (0 - 0) + (31 - 1). Suppose -p + 0 = 3*s. Let t = s + 17. What are the prime factors of t?
7
Suppose 0 = -2*j + 9*j - 14. Suppose j*z - 282 = -4*z. List the prime factors of z.
47
Let a = 1643 + -1401. What are the prime factors of a?
2, 11
Suppose 15*d - 33000 = 3*d. List the prime factors of d.
2, 5, 11
Suppose 0 = -5*y - 2*q + 560 + 62, 3*y - 4*q = 368. List the prime factors of y.
2, 31
Let c(h) = 2 + 6 - 2*h**3 + 6*h**3 + 3*h - 8*h**2 - 5*h**3. List the prime factors of c(-9).
2, 31
Let b = -3 + 6. Let v = 15 + -11. Suppose 29 + b = v*w. List the prime factors of w.
2
Let s = 9 - 3. Suppose -2*w + 3*r + s = -r, 4*w - 12 = -r. Suppose -3*u = 0, w*u + 18 = o + o. List the prime factors of o.
3
Let l(c) = c**3 + 13*c**2 + 6*c + 55. List the prime factors of l(-12).
127
Let u be (-133)/(-35) + (-1 - (-1)/5). Suppose -u*l = -2*r - 13 - 461, 5*r = -4*l + 655. What are the prime factors of l?
2, 5
Let x be -1 - (-181952)/(-6) - 4/(-3). List the prime factors of 0 + 2/(-12) - x/150.
2, 101
List the prime factors of 1*3*((-16)/(-12) + 1).
7
Let f(l) = -l + 29. Suppose 0 = -6*y + y. What are the prime factors of f(y)?
29
Let a(o) = 23*o - 10. Let s be a(4). Let m = s - 26. What are the prime factors of (-14)/m + 89/4?
2, 11
Let p(q) = 6*q + 2. Let x be p(-5). Let u = x + 46. Let r = u + -10. What are the prime factors of r?
2
Let r(m) = 17*m**2 - 3*m - 8. Let g be r(-4). Suppose 4*k - g = 3*u, 208 = -2*k + 5*k - 2*u. What are the prime factors of k?
2, 3
Suppose 11*i - 3*i - 6320 = 0. Suppose i = 13*s - 2785. List the prime factors of s.
5, 11
Suppose 0 = -2*v + 6. Suppose -v*n = -n - 5*i - 192, -5*n + 4*i + 446 = 0. List the prime factors of n.
2, 43
Suppose 0 = 3*h + 3*x - 6861, h = -0*h - 2*x + 2282. What are the prime factors of h?
2, 3, 191
Let h(q) = q**3 + 2*q**2 + q - 1. Let m be h(1). Let z(b) = 6*b**2 + 8*b - 2. List the prime factors of z(m).
2, 19
Let v be ((-4)/(-6))/(3/(-9)). Let b = v - -26. Let a = b - -11. List the prime factors of a.
5, 7
Suppose 5*g = 7*g - 20. Let z(t) = t**2 - 5*t - 7. List the prime factors of z(g).
43
Suppose 2*h + 1 = 3*h. Let k(f) = -6*f**3 + 2*f - 1. Let x be k(h). Let u(j) = j**3 + 6*j**2. List the prime factors of u(x).
5
Let x = -108 - -116. Suppose -30 = -2*m - x*m. List the prime factors of m.
3
Let t(k) = 6*k**2 + 5*k + 5. Let r(p) = 1. Let g(j) = 6*r(j) - t(j). Let u be g(-4). Let a = -54 - u. What are the prime factors of a?
3, 7
Let u be (1/3)/(1/6). Suppose u*s = -5*v + 109, -85 = -0*s - 2*s + 3*v. Suppose s = 8*j - 7*j. What are the prime factors of j?
47
Suppose 7 = 7*p - 28. Suppose -875 = p*n - 285. What are the prime factors of 3/(-5)*(n + 3)?
3, 23
List the prime factors of 1753 + 7 + -2 + 4/(-1).
2, 877
Let z be (3/(-5))/((-1)/(-5)). Let j(k) = k**2 + 4*k + 3. Let c be j(z). Suppose c = -2*x - 0*x + 28. What are the prime factors of x?
2, 7
Let w = -638 - -209. Let u(h) = h**3 - 3*h. Let v be u(2). List the prime factors of (w/44)/(v/(-8)).
3, 13
What are the prime factors of (4 - 0) + 2256/6?
2, 5, 19
Let y = -11 + 39. Let j = y - 23. Suppose -l - 5*g = 7, -2*l = -l - j*g - 23. List the prime factors of l.
2
Let s = 1192 + -726. Let h = s + -237. List the prime factors of h.
229
Suppose 2*f = 12 - 8. Suppose 0 = 2*t - 2*d - 278, f*t + 2*t + d = 566. List the prime factors of t.
3, 47
List the prime factors of (-915)/(-10)*528/18.
2, 11, 61
Suppose z = 19 - 10. Let c(x) = -x**3 + 9*x**2 + 2*x - 13. Let g be c(z). Suppose 4*p + 2*f - f - 91 = 0, -3*p = -g*f - 97. What are the prime factors of p?
2, 3
Let f = -548 - -1661. What are the prime factors of f?
3, 7, 53
Let r = 268 - -72. Suppose 5*x = l + r + 199, x = -3*l + 111. List the prime factors of x.
2, 3
Suppose c + 7 = 5*v, 0 = -5*c + 5*v - 2 - 13. List the prime factors of 18/(c - 1)*-2.
2, 3
Let a(k) = -67*k + 10. What are the prime factors of a(-2)?
2, 3
Suppose -4*s + 21644 = 2*a, 6 = 5*a - 2*a. List the prime factors of s.
2, 5, 541
Suppose -4*n + 2*w + 158 = 0, -n + 2*w + 43 = -2*w. List the prime factors of n.
3, 13
Let m = 808 + -443. List the prime factors of m.
5, 73
Suppose 2*s - 6 = 4*l, 0 = -4*s + 3*l + 1 - 4. Let w = -1 + s. What are the prime factors of (3 - 0) + w/(-2)?
5
What are the prime factors of -2*(927/(-18) + 7)?
89
Let f(p) be the first derivative of p**4/4 + 3*p**3 - p**2/2 - 5*p - 6. List the prime factors of f(-8).
67
Suppose 49*s - 212 = 50*s. Let p = s - -368. What are the prime factors of p?
2, 3, 13
Suppose -2*l - 3 = 29. Let b = -11 - l. Let c = 2 + b. List the prime factors of c.
7
Let t = 112 + -51. Let w = t + -38. What are the prime factors of w?
23
Let i = -373 - -996. List the prime factors of i.
7, 89
Suppose 2*x + 2*u - 1638 = 0, 4*x + 15*u - 16*u = 3271. List the prime factors of x.
2, 409
Let u be 5/(5/(-6)) + -2. What are the prime factors of (u/20)/((-1)/85)?
2, 17
Let y be (2 - 0 - 1)*8. Let a(c) = 5*c + 6. List the prime factors of a(y).
2, 23
Let b = 3 + -4. Let s(a) = 3*a**2 - 3*a - 2. Let l be s(b). Let f(g) = -g**3 + 5*g**2 - 2*g. List the prime factors of f(l).
2
Let h(t) = 5*t + 47. Let y be h(-9). Suppose 203 = y*o - 117. List the prime factors of o.
2, 5
Suppose -4*r = -4*h + 5*h - 1253, 5*r - 2506 = -2*h. List the prime factors of h.
7, 179
Let j(w) = -26*w - 51. What are the prime factors of j(-21)?
3, 5, 11
Let b(m) = 9*m**2 - 41*m + 6. What are the prime factors of b(-13)?
2, 5, 103
Let y(c) = -c - 4. Let n be y(-6). Suppose j - n*j + 5*k - 26 = 0, -5 = -k. What are the prime factors of 34/2 + j*3?
2, 7
Let d = -409 + 697. List the prime factors of d.
2, 3
Let z be (-11 - -14) + 632 + 1. Let y = -379 + z. What are the prime factors of y?
257
Suppose 2*h + 4*p - 18 = -0*h, 2*h + 5*p = 22. Let g(d) = -4*d. Let b be g(h). Let a = 3 - b. What are the prime factors of a?
7
Let a be (-36)/15*(-80)/24. Suppose h - a = -s, -s + 5*h - 9 = 1. Suppose 163 = 3*b - 0*t - t, s*b - 277 = 3*t. List the prime factors of b.
53
Suppose -3*d = d - 20. Suppose -3*b = -d*b - 10. List the prime factors of (b + 3)*(-44)/8.
11
Let h = -763 - -1385. List the prime factors of h.
2, 311
Suppose 12*u - 20 = 16. Suppose 2*z = -u*z + 1410. List the prime factors of z.
2, 3, 47
Suppose 5*k - 6*k - 4*v + 1540 = 0, 2*k + 2*v = 3068. Suppose 364 - k = -4*u. List the prime factors of u.
2, 73
Let n(u) = u**2 + 2*u. Let y be n(-3). Suppose 189 = -o + 3*p, o + y*o - 4*p = -748. What are the prime factors of (o/9)/1*-3?
2, 31
List the prime factors of 1925/5 + 8/2.
389
Let y = -20 - -13. Let i be 2/((-2)/9)*-3. Let g = i + y. List the prime factors of g.
2, 5
Suppose d + l - 3 = 0, 5*l = -6*d + 2*d + 9. Let n(g) = g**2 - 6*g + 5. Let k be n(d). Suppose -p = -k*p + 88. What are the prime factors of p?
2, 11
Suppose 7*s - 952 = -2*g + 3*